{"id":116,"date":"2024-01-23T06:10:14","date_gmt":"2024-01-23T05:10:14","guid":{"rendered":"https:\/\/vtcalexis.re\/?page_id=116"},"modified":"2024-01-30T11:19:05","modified_gmt":"2024-01-30T10:19:05","slug":"mentions-legales","status":"publish","type":"page","link":"https:\/\/vtcalexis.re\/?page_id=116","title":{"rendered":"Mentions L\u00e9gales"},"content":{"rendered":"\t\t<div data-elementor-type=\"wp-page\" data-elementor-id=\"116\" class=\"elementor elementor-116\">\n\t\t\t\t<div class=\"elementor-element elementor-element-9465173 e-flex e-con-boxed e-con e-parent\" data-id=\"9465173\" data-element_type=\"container\" data-e-type=\"container\">\n\t\t\t\t\t<div class=\"e-con-inner\">\n\t\t\t\t<div class=\"elementor-element elementor-element-0ec0912 elementor-widget elementor-widget-text-editor\" data-id=\"0ec0912\" data-element_type=\"widget\" data-e-type=\"widget\" data-widget_type=\"text-editor.default\">\n\t\t\t\t<div class=\"elementor-widget-container\">\n\t\t\t\t\t\t\t\t\t<p><\/p><p>Adresse du si\u00e8ge de l\u2019entreprise 72 Route Gabriel Mac\u00e9 97490 Sainte Clotilde<br \/>Num\u00e9ro de GSM:0692510995<br \/>Le cas \u00e9ch\u00e9ant : num\u00e9ro d\u2019inscription au registre du r\u00e9pertoire des m\u00e9tiers n\u00b0 878 946 128 RM 974<\/p><p> <\/p><p class=\"has-text-align-center\"><strong>Confidentialit\u00e9<\/strong><\/p><p> <\/p><p>VTC ALEXIS n&rsquo;enregistre pas d&rsquo;informations personnelles permettant l&rsquo;identification, \u00e0 l&rsquo;exception des formulaires que l&rsquo;utilisateur est libre de remplir. Ces informations ne seront pas utilis\u00e9es sans votre accord, nous les utiliserons seulement pour vous adresser des courriers, des devis ou vous contacter.<\/p><p> <\/p><p>Les informations recueillies sur les sites b\u00e9n\u00e9ficient de la protection de la loi \u00ab\u00a0Informatique et Libert\u00e9s\u00a0\u00bb n\u00b0 78-17 du 06 janvier 1978. Elles b\u00e9n\u00e9ficient d&rsquo;un droit d&rsquo;acc\u00e8s, de rectification, d&rsquo;opposition \u00e0 communication et de suppression sur simple demande \u00e0 VTC ALEXIS, 72 D Route Gabriel Mac\u00e9, 97490 Sainte Clotilde.<\/p><p> <\/p><h2 class=\"wp-block-heading has-text-align-center\">R\u00e8glement g\u00e9n\u00e9ral sur la protection des donn\u00e9es (RGPD)<\/h2><p> <\/p><p>VTC ALEXIS s&rsquo;engage \u00e0 ce que la collecte et le traitement de vos donn\u00e9es, effectu\u00e9s \u00e0 partir du site VTC ALEXIS, soient conformes au r\u00e8glement g\u00e9n\u00e9ral sur la protection des donn\u00e9es (RGPD).<br \/><br \/>Chaque formulaire limite la collecte des donn\u00e9es personnelles au strict n\u00e9cessaire (minimisation des donn\u00e9es) et indique notamment :<\/p><p> <\/p><ul class=\"wp-block-list\"><li>quels sont les objectifs du recueil de ces donn\u00e9es,<\/li> <li>si ces donn\u00e9es sont obligatoires ou facultatives pour la gestion de votre demande,<\/li> <li>qui pourra en prendre connaissance (uniquement VTC ALEXIS en principe, sauf pr\u00e9cision dans le formulaire lorsqu&rsquo;une transmission \u00e0 un tiers est n\u00e9cessaire \u00e0 la gestion de votre demande).<\/li><\/ul><p> <\/p><p>Les donn\u00e9es personnelles recueillies dans le cadre des services propos\u00e9s sur VTC ALEXIS sont trait\u00e9es selon des protocoles s\u00e9curis\u00e9s et permettent \u00e0 VTC ALEXIS de g\u00e9rer les demandes re\u00e7ues dans ses applications informatiques.<\/p><p> <\/p><p>Pour toute information ou exercice de vos droits Informatique et Libert\u00e9s sur les traitements de donn\u00e9es personnelles g\u00e9r\u00e9s par VTC ALEXIS vous pouvez contacter VTC ALEXIS ou \u00e9ventuellement vous tourner vers la CNIL.<\/p><p><\/p>\t\t\t\t\t\t\t\t<\/div>\n\t\t\t\t<\/div>\n\t\t\t\t\t<\/div>\n\t\t\t\t<\/div>\n\t\t\t\t<\/div>\n\t\t","protected":false},"excerpt":{"rendered":"<p>Adresse du si\u00e8ge de l\u2019entreprise 72 Route Gabriel Mac\u00e9 97490 Sainte ClotildeNum\u00e9ro de GSM:0692510995Le cas \u00e9ch\u00e9ant : num\u00e9ro d\u2019inscription au registre du r\u00e9pertoire des m\u00e9tiers n\u00b0 878 946 128 RM 974 Confidentialit\u00e9 VTC ALEXIS n&rsquo;enregistre pas d&rsquo;informations personnelles permettant l&rsquo;identification, \u00e0 l&rsquo;exception des formulaires que l&rsquo;utilisateur est libre de remplir. Ces informations ne seront pas [&hellip;]<\/p>\n","protected":false},"author":1,"featured_media":0,"parent":0,"menu_order":0,"comment_status":"closed","ping_status":"closed","template":"","meta":{"om_disable_all_campaigns":false,"_monsterinsights_skip_tracking":false,"_monsterinsights_sitenote_active":false,"_monsterinsights_sitenote_note":"","_monsterinsights_sitenote_category":0,"_uf_show_specific_survey":0,"_uf_disable_surveys":false,"ocean_post_layout":"","ocean_both_sidebars_style":"","ocean_both_sidebars_content_width":0,"ocean_both_sidebars_sidebars_width":0,"ocean_sidebar":"","ocean_second_sidebar":"","ocean_disable_margins":"enable","ocean_add_body_class":"","ocean_shortcode_before_top_bar":"","ocean_shortcode_after_top_bar":"","ocean_shortcode_before_header":"","ocean_shortcode_after_header":"","ocean_has_shortcode":"","ocean_shortcode_after_title":"","ocean_shortcode_before_footer_widgets":"","ocean_shortcode_after_footer_widgets":"","ocean_shortcode_before_footer_bottom":"","ocean_shortcode_after_footer_bottom":"","ocean_display_top_bar":"default","ocean_display_header":"default","ocean_header_style":"","ocean_center_header_left_menu":"","ocean_custom_header_template":"","ocean_custom_logo":0,"ocean_custom_retina_logo":0,"ocean_custom_logo_max_width":0,"ocean_custom_logo_tablet_max_width":0,"ocean_custom_logo_mobile_max_width":0,"ocean_custom_logo_max_height":0,"ocean_custom_logo_tablet_max_height":0,"ocean_custom_logo_mobile_max_height":0,"ocean_header_custom_menu":"","ocean_menu_typo_font_family":"","ocean_menu_typo_font_subset":"","ocean_menu_typo_font_size":0,"ocean_menu_typo_font_size_tablet":0,"ocean_menu_typo_font_size_mobile":0,"ocean_menu_typo_font_size_unit":"px","ocean_menu_typo_font_weight":"","ocean_menu_typo_font_weight_tablet":"","ocean_menu_typo_font_weight_mobile":"","ocean_menu_typo_transform":"","ocean_menu_typo_transform_tablet":"","ocean_menu_typo_transform_mobile":"","ocean_menu_typo_line_height":0,"ocean_menu_typo_line_height_tablet":0,"ocean_menu_typo_line_height_mobile":0,"ocean_menu_typo_line_height_unit":"","ocean_menu_typo_spacing":0,"ocean_menu_typo_spacing_tablet":0,"ocean_menu_typo_spacing_mobile":0,"ocean_menu_typo_spacing_unit":"","ocean_menu_link_color":"","ocean_menu_link_color_hover":"","ocean_menu_link_color_active":"","ocean_menu_link_background":"","ocean_menu_link_hover_background":"","ocean_menu_link_active_background":"","ocean_menu_social_links_bg":"","ocean_menu_social_hover_links_bg":"","ocean_menu_social_links_color":"","ocean_menu_social_hover_links_color":"","ocean_disable_title":"default","ocean_disable_heading":"default","ocean_post_title":"","ocean_post_subheading":"","ocean_post_title_style":"","ocean_post_title_background_color":"","ocean_post_title_background":0,"ocean_post_title_bg_image_position":"","ocean_post_title_bg_image_attachment":"","ocean_post_title_bg_image_repeat":"","ocean_post_title_bg_image_size":"","ocean_post_title_height":0,"ocean_post_title_bg_overlay":0.5,"ocean_post_title_bg_overlay_color":"","ocean_disable_breadcrumbs":"default","ocean_breadcrumbs_color":"","ocean_breadcrumbs_separator_color":"","ocean_breadcrumbs_links_color":"","ocean_breadcrumbs_links_hover_color":"","ocean_display_footer_widgets":"default","ocean_display_footer_bottom":"default","ocean_custom_footer_template":"","footnotes":""},"class_list":["post-116","page","type-page","status-publish","hentry","entry"],"yoast_head":"<!-- This site is optimized with the Yoast SEO plugin v27.3 - https:\/\/yoast.com\/product\/yoast-seo-wordpress\/ -->\n<title>Mentions L\u00e9gales - VTC ALEXIS 974<\/title>\n<meta name=\"robots\" content=\"index, follow, max-snippet:-1, max-image-preview:large, max-video-preview:-1\" \/>\n<link rel=\"canonical\" href=\"https:\/\/vtcalexis.re\/?page_id=116\" \/>\n<meta property=\"og:locale\" content=\"fr_FR\" \/>\n<meta property=\"og:type\" content=\"article\" \/>\n<meta property=\"og:title\" content=\"Mentions L\u00e9gales - VTC ALEXIS 974\" \/>\n<meta property=\"og:description\" content=\"Adresse du si\u00e8ge de l\u2019entreprise 72 Route Gabriel Mac\u00e9 97490 Sainte ClotildeNum\u00e9ro de GSM:0692510995Le cas \u00e9ch\u00e9ant : num\u00e9ro d\u2019inscription au registre du r\u00e9pertoire des m\u00e9tiers n\u00b0 878 946 128 RM 974 Confidentialit\u00e9 VTC ALEXIS n&rsquo;enregistre pas d&rsquo;informations personnelles permettant l&rsquo;identification, \u00e0 l&rsquo;exception des formulaires que l&rsquo;utilisateur est libre de remplir. Ces informations ne seront pas [&hellip;]\" \/>\n<meta property=\"og:url\" content=\"https:\/\/vtcalexis.re\/?page_id=116\" \/>\n<meta property=\"og:site_name\" content=\"VTC ALEXIS 974\" \/>\n<meta property=\"article:modified_time\" content=\"2024-01-30T10:19:05+00:00\" \/>\n<meta name=\"twitter:card\" content=\"summary_large_image\" \/>\n<meta name=\"twitter:label1\" content=\"Dur\u00e9e de lecture estim\u00e9e\" \/>\n\t<meta name=\"twitter:data1\" content=\"2 minutes\" \/>\n<script type=\"application\/ld+json\" class=\"yoast-schema-graph\">{\"@context\":\"https:\\\/\\\/schema.org\",\"@graph\":[{\"@type\":\"WebPage\",\"@id\":\"https:\\\/\\\/vtcalexis.re\\\/?page_id=116\",\"url\":\"https:\\\/\\\/vtcalexis.re\\\/?page_id=116\",\"name\":\"Mentions L\u00e9gales - VTC ALEXIS 974\",\"isPartOf\":{\"@id\":\"https:\\\/\\\/vtcalexis.re\\\/#website\"},\"datePublished\":\"2024-01-23T05:10:14+00:00\",\"dateModified\":\"2024-01-30T10:19:05+00:00\",\"breadcrumb\":{\"@id\":\"https:\\\/\\\/vtcalexis.re\\\/?page_id=116#breadcrumb\"},\"inLanguage\":\"fr-FR\",\"potentialAction\":[{\"@type\":\"ReadAction\",\"target\":[\"https:\\\/\\\/vtcalexis.re\\\/?page_id=116\"]}]},{\"@type\":\"BreadcrumbList\",\"@id\":\"https:\\\/\\\/vtcalexis.re\\\/?page_id=116#breadcrumb\",\"itemListElement\":[{\"@type\":\"ListItem\",\"position\":1,\"name\":\"Accueil\",\"item\":\"https:\\\/\\\/vtcalexis.re\\\/\"},{\"@type\":\"ListItem\",\"position\":2,\"name\":\"Mentions L\u00e9gales\"}]},{\"@type\":\"WebSite\",\"@id\":\"https:\\\/\\\/vtcalexis.re\\\/#website\",\"url\":\"https:\\\/\\\/vtcalexis.re\\\/\",\"name\":\"VTC ALEXIS 974\",\"description\":\"VTC \u00e0 La R\u00e9union\",\"publisher\":{\"@id\":\"https:\\\/\\\/vtcalexis.re\\\/#organization\"},\"potentialAction\":[{\"@type\":\"SearchAction\",\"target\":{\"@type\":\"EntryPoint\",\"urlTemplate\":\"https:\\\/\\\/vtcalexis.re\\\/?s={search_term_string}\"},\"query-input\":{\"@type\":\"PropertyValueSpecification\",\"valueRequired\":true,\"valueName\":\"search_term_string\"}}],\"inLanguage\":\"fr-FR\"},{\"@type\":\"Organization\",\"@id\":\"https:\\\/\\\/vtcalexis.re\\\/#organization\",\"name\":\"VTC ALEXIS 974\",\"url\":\"https:\\\/\\\/vtcalexis.re\\\/\",\"logo\":{\"@type\":\"ImageObject\",\"inLanguage\":\"fr-FR\",\"@id\":\"https:\\\/\\\/vtcalexis.re\\\/#\\\/schema\\\/logo\\\/image\\\/\",\"url\":\"https:\\\/\\\/vtcalexis.re\\\/wp-content\\\/uploads\\\/2024\\\/01\\\/cropped-LOGO-5-1.png\",\"contentUrl\":\"https:\\\/\\\/vtcalexis.re\\\/wp-content\\\/uploads\\\/2024\\\/01\\\/cropped-LOGO-5-1.png\",\"width\":512,\"height\":225,\"caption\":\"VTC ALEXIS 974\"},\"image\":{\"@id\":\"https:\\\/\\\/vtcalexis.re\\\/#\\\/schema\\\/logo\\\/image\\\/\"}}]}<\/script>\n<!-- \/ Yoast SEO plugin. -->","yoast_head_json":{"title":"Mentions L\u00e9gales - VTC ALEXIS 974","robots":{"index":"index","follow":"follow","max-snippet":"max-snippet:-1","max-image-preview":"max-image-preview:large","max-video-preview":"max-video-preview:-1"},"canonical":"https:\/\/vtcalexis.re\/?page_id=116","og_locale":"fr_FR","og_type":"article","og_title":"Mentions L\u00e9gales - VTC ALEXIS 974","og_description":"Adresse du si\u00e8ge de l\u2019entreprise 72 Route Gabriel Mac\u00e9 97490 Sainte ClotildeNum\u00e9ro de GSM:0692510995Le cas \u00e9ch\u00e9ant : num\u00e9ro d\u2019inscription au registre du r\u00e9pertoire des m\u00e9tiers n\u00b0 878 946 128 RM 974 Confidentialit\u00e9 VTC ALEXIS n&rsquo;enregistre pas d&rsquo;informations personnelles permettant l&rsquo;identification, \u00e0 l&rsquo;exception des formulaires que l&rsquo;utilisateur est libre de remplir. Ces informations ne seront pas [&hellip;]","og_url":"https:\/\/vtcalexis.re\/?page_id=116","og_site_name":"VTC ALEXIS 974","article_modified_time":"2024-01-30T10:19:05+00:00","twitter_card":"summary_large_image","twitter_misc":{"Dur\u00e9e de lecture estim\u00e9e":"2 minutes"},"schema":{"@context":"https:\/\/schema.org","@graph":[{"@type":"WebPage","@id":"https:\/\/vtcalexis.re\/?page_id=116","url":"https:\/\/vtcalexis.re\/?page_id=116","name":"Mentions L\u00e9gales - VTC ALEXIS 974","isPartOf":{"@id":"https:\/\/vtcalexis.re\/#website"},"datePublished":"2024-01-23T05:10:14+00:00","dateModified":"2024-01-30T10:19:05+00:00","breadcrumb":{"@id":"https:\/\/vtcalexis.re\/?page_id=116#breadcrumb"},"inLanguage":"fr-FR","potentialAction":[{"@type":"ReadAction","target":["https:\/\/vtcalexis.re\/?page_id=116"]}]},{"@type":"BreadcrumbList","@id":"https:\/\/vtcalexis.re\/?page_id=116#breadcrumb","itemListElement":[{"@type":"ListItem","position":1,"name":"Accueil","item":"https:\/\/vtcalexis.re\/"},{"@type":"ListItem","position":2,"name":"Mentions L\u00e9gales"}]},{"@type":"WebSite","@id":"https:\/\/vtcalexis.re\/#website","url":"https:\/\/vtcalexis.re\/","name":"VTC ALEXIS 974","description":"VTC \u00e0 La R\u00e9union","publisher":{"@id":"https:\/\/vtcalexis.re\/#organization"},"potentialAction":[{"@type":"SearchAction","target":{"@type":"EntryPoint","urlTemplate":"https:\/\/vtcalexis.re\/?s={search_term_string}"},"query-input":{"@type":"PropertyValueSpecification","valueRequired":true,"valueName":"search_term_string"}}],"inLanguage":"fr-FR"},{"@type":"Organization","@id":"https:\/\/vtcalexis.re\/#organization","name":"VTC ALEXIS 974","url":"https:\/\/vtcalexis.re\/","logo":{"@type":"ImageObject","inLanguage":"fr-FR","@id":"https:\/\/vtcalexis.re\/#\/schema\/logo\/image\/","url":"https:\/\/vtcalexis.re\/wp-content\/uploads\/2024\/01\/cropped-LOGO-5-1.png","contentUrl":"https:\/\/vtcalexis.re\/wp-content\/uploads\/2024\/01\/cropped-LOGO-5-1.png","width":512,"height":225,"caption":"VTC ALEXIS 974"},"image":{"@id":"https:\/\/vtcalexis.re\/#\/schema\/logo\/image\/"}}]}},"_links":{"self":[{"href":"https:\/\/vtcalexis.re\/index.php?rest_route=\/wp\/v2\/pages\/116","targetHints":{"allow":["GET"]}}],"collection":[{"href":"https:\/\/vtcalexis.re\/index.php?rest_route=\/wp\/v2\/pages"}],"about":[{"href":"https:\/\/vtcalexis.re\/index.php?rest_route=\/wp\/v2\/types\/page"}],"author":[{"embeddable":true,"href":"https:\/\/vtcalexis.re\/index.php?rest_route=\/wp\/v2\/users\/1"}],"replies":[{"embeddable":true,"href":"https:\/\/vtcalexis.re\/index.php?rest_route=%2Fwp%2Fv2%2Fcomments&post=116"}],"version-history":[{"count":4,"href":"https:\/\/vtcalexis.re\/index.php?rest_route=\/wp\/v2\/pages\/116\/revisions"}],"predecessor-version":[{"id":120,"href":"https:\/\/vtcalexis.re\/index.php?rest_route=\/wp\/v2\/pages\/116\/revisions\/120"}],"wp:attachment":[{"href":"https:\/\/vtcalexis.re\/index.php?rest_route=%2Fwp%2Fv2%2Fmedia&parent=116"}],"curies":[{"name":"wp","href":"https:\/\/api.w.org\/{rel}","templated":true}]}}